ainder when i is divided by x.
36
Calculate the remainder when 198 is divided by (6/(-12) - -1*(-1915)/(-10)) + -4.
11
Let b = -2225 - -1760. Let p = b + 505. What is the remainder when 1/4 + 295/4 is divided by p?
34
Suppose -11*h = -16*h + 20. Suppose -2*n = 2*y - 6*y + 96, y + h*n = 15. Calculate the remainder when y is divided by (-4)/4 - (-6 - 0).
3
Let m = -27922 - -28505. Calculate the remainder when m is divided by 64.
7
What is the remainder when 314 is divided by (3 + 92)*(12 + -10)?
124
Suppose 4*c - 3*r = 6306, -c + 4*r + 1544 = -39. Calculate the remainder when 1593 is divided by c.
18
Suppose 2*i - 147 = 3*l, -3*i + 207 = -2*l - 11. What is the remainder when i is divided by 40?
32
Let n = -442 + 454. Suppose -n*s + 1140 = -0*s. What is the remainder when s is divided by 53?
42
Calculate the remainder when (-13)/((-13)/(-7)) + (3138 - 0) is divided by 58.
57
Let u = 2113 - -1886. Suppose 0 = r - 32*r + u. Calculate the remainder when r is divided by 26.
25
Suppose -5*b + r = 5*r - 118, -3*b - 2*r + 72 = 0. What is the remainder when -15 - 0 - (43 + 39 + -562) is divided by b?
23
Suppose 2*v - 4*g + 378 = -52, 0 = 5*v - 4*g + 1075. What is the remainder when 82 is divided by v/(-2)*2/5?
39
Let f = -321 + 609. Let p = 325 - f. What is the remainder when 107 is divided by p?
33
Suppose -5*v + 692 + 1729 = 351. What is the remainder when v is divided by 112?
78
Suppose 3*j = 6, 2*g + 5*j = 81 - 21. Calculate the remainder when 971 is divided by g.
21
Let t = -102 + 104. Suppose 2*l - 22 = -4*g, 2*g - 5*g - t*l = -16. Let m(f) = 18*f**2 - 1. What is the remainder when m(1) is divided by g?
5
Suppose 6*t - 19105 = -3061. What is the remainder when t is divided by 205?
9
Let z(s) = s + 98. Let v = 34621 + -34604. What is the remainder when z(0) is divided by v?
13
Let a(s) = -5*s + 2. Let o be a(6). Calculate the remainder when 90 is divided by (-219)/(-7) - o/(-98).
28
Suppose g - 220 = -3*s, 226 = -s + 4*s - 2*g. Suppose 7*a - 4 = 3*a, 2*q + 3*a - 409 = 0. Calculate the remainder when q is divided by s.
55
Let u = -12958 - -13150. What is the remainder when 214 is divided by u?
22
Suppose 2*r - 2*g + 46 = 0, -72 = 5*r + 2*g + 8. Let q = -4 - r. Calculate the remainder when (47 - -145)*(-1)/(-2) is divided by q.
12
Let b(r) = r + 3. Let h be b(0). Suppose -5*m + 275 = 2*d - 46, -4*d + h*m = -603. Suppose 145*s = 114*s + 1209. What is the remainder when d is divided by s?
36
Suppose -20*y = -16*y - 8. Suppose 0 = -6*m + y + 346. Calculate the remainder when 114 is divided by m.
56
Suppose -o - 5 = 0, 4*o + o - 663 = -2*b. Let n(m) = -m**2 - 181*m - 1959. Calculate the remainder when b is divided by n(-12).
68
Let l be 0/(-3) + (1 - 4) + 283. Let f = l - 125. Let s = -46 + f. Calculate the remainder when s is divided by 37.
35
Calculate the remainder when 115 is divided by 50/80*24/10*18.
7
Let z be (-18)/30 + 27/(-5). Let g be 2/z - 8/(-24). Suppose 0*d = -d - 4*n + 31, g = 5*d + n - 79. What is the remainder when 73 is divided by d?
13
Let x = -41 - -88. Suppose -5*j - 26 = 3*h, 0*j = -2*h - 4*j - 18. Let b(m) = -24*m - 154. What is the remainder when x is divided by b(h)?
5
Let y(p) = 104*p - 173. Let c(u) = -u**3 - 11*u**2 - 12*u - 67. What is the remainder when c(-11) is divided by y(2)?
30
Let r be (-1040)/400 - (-2)/(-5). What is the remainder when (r + (-38)/(-10))/(10/1825) is divided by 32?
18
Let x(h) = -h**2 + 62*h - 329. What is the remainder when x(41) is divided by 13?
12
Let g(x) = x**2 - 8. Let v be 4/(-14) - (14 - (-1100)/(-77)). Let l(u) = 2*u**2 - u + 53. Calculate the remainder when l(v) is divided by g(-6).
25
What is the remainder when 1025 is divided by ((-2)/6)/(13/(-273)) - (-1880)/4?
71
What is the remainder when ((-33558)/(-170) - 8/20)*(0 - -1) is divided by 124?
73
Let n = 64 + -44. Calculate the remainder when ((-4275)/(-30) + 23)*(2 - 0) is divided by n.
11
Let i(u) = -2*u**2 + 88*u - 483. Calculate the remainder when 213 is divided by i(37).
3
Let x = 1707 + -1641. What is the remainder when 430 is divided by x?
34
Let v = -19136 - -19219. Calculate the remainder when 252 is divided by v.
3
Suppose -5*i = -4*u + 735, -i + 824 = 3*u + 249. What is the remainder when u is divided by 51?
37
Suppose -262*a = -267*a + 2*g + 1381, -5*a + 1360 = 5*g. Calculate the remainder when a is divided by 87.
14
Let s(q) = q. Let t = 668 - 1315. Let r = -643 - t. What is the remainder when r is divided by s(1)?
0
Let l(j) = -j**2 + 18*j + 42. Let m be l(20). Calculate the remainder when 256 is divided by 606/14 + m + 16/(-7).
41
Suppose 38395 = 9*w - 41773 + 8591. Calculate the remainder when w is divided by 36.
33
Suppose -4*a - 692 = -12*r - 2*a, r = -4*a + 41. Calculate the remainder when 137 is divided by r.
23
Let v be 6 - (-4 + -3 + 6). Suppose -3*k - 36 = -v*k. What is the remainder when 23 is divided by k?
5
Let q(m) = m**2 + 13*m - 13. Let c be q(-13). Let j = c - -25. What is the remainder when 47 is divided by j?
11
Let p = -15 + 24. Suppose -4 = -4*y, -5*z + 28 = -2*y + 585. Let n = 119 + z. Calculate the remainder when p is divided by n.
1
Let f(b) = 47*b**2 - 9*b + 8. Let g(u) = -2*u + 1. Let d(r) = f(r) - 5*g(r). Calculate the remainder when 96 is divided by d(1).
45
Let m = -562 + 856. What is the remainder when m is divided by 59?
58
Suppose -6*s + 407 = 41. Suppose -2*k + 205 = 5*w + s, -k = w - 27. What is the remainder when w is divided by 15?
0
Let a = -3109 - -3281. What is the remainder when a is divided by 77?
18
Let n be (-2)/(40/5)*-604. What is the remainder when 98 is divided by (-270)/(-216) - n/(-4)?
20
Let s be 375/(-35) - 6/21. Calculate the remainder when (-1)/(40/(-140) - s/63) is divided by 4.
1
Suppose 3*w + 6 = 0, 0*w - w = -3*r - 289. Let y = -46 - r. Suppose 0*f + 2*f = 5*j + y, f + 3*j - 53 = 0. What is the remainder when f is divided by 21?
17
Let w = -78 + 152. Suppose 2*r = -0*r. Suppose -2*u - 53 = 4*z - 163, -z - 2*u + 35 = r. What is the remainder when w is divided by z?
24
Suppose -5*j = 3*z - 4*z + 154, 253 = 2*z + j. Let p = z + -122. What is the remainder when 23 is divided by p?
2
Suppose -226*s + 228*s + 16*v - 308 = 0, v - 341 = -5*s. Let f(p) = p**2 + 6*p + 5. Let n be f(-4). What is the remainder when s is divided by 4/(n + 1) - -36?
32
Suppose -15040 = -89*d - 5*d. Calculate the remainder when 777 is divided by d.
137
Suppose -3*j - 5*l - 336 = -1118, l = 3*j - 758. What is the remainder when j is divided by 22?
12
Let u(s) = 3*s**2 - 87*s + 25. Let j be u(18). Let i = -545 - j. What is the remainder when 333 is divided by i?
21
Let t(z) = -z**2 + 16*z. Let h be t(11). Let g = h + -36. Calculate the remainder when 7/(-3 - g/(-6)) is divided by 22.
20
Suppose -2*s = -2*j + 1906, -j + 6*s = 8*s - 965. What is the remainder when j is divided by 20?
17
Let m(l) = 3*l**2 - 26*l + 73. Calculate the remainder when 1096 is divided by m(5).
16
Let m(z) = z**3 - 6*z**2 + 7*z - 4. Let y(l) = -l + 11. Let v be y(6). Calculate the remainder when m(v) is divided by (2 - 2/((-4)/6)) + -2.
0
Let q(x) = -96*x**3 + 2*x**2 - 4*x - 26. Let w be q(-3). Suppose 8*u = w - 1068. What is the remainder when u is divided by 39?
35
Suppose -18 = 47*b - 56*b. Suppose b*x = 6*x - 3*y - 66, 3*y = 7*x - 120. Suppose 0 = 4*n - 168 - 104. Calculate the remainder when n is divided by x.
14
Suppose -2*n + 218 = -126. Let w = n - 89. Let p = -238 - -260. What is the remainder when w is divided by p?
17
Let y(h) = -2*h**2 - 77*h - 214. Calculate the remainder when 166 is divided by y(-35).
11
Let u be -71 - (-3 + 3 + 0 - 3). Let t = u + 73. Calculate the remainder when 138 is divided by t.
3
Suppose 2*s + 2*f + 3 = 3*f, 0 = -4*s - 4*f + 12. Suppose -5*y - 10 + 40 = s. Calculate the remainder when 23 is divided by (6/(-7))/((-205)/(-35) - y).
5
Suppose -21 = 3*p - 5*m, m - 2*m = -p - 9. Let b(x) = -x**3 - 4*x**2 + 82*x - 12. What is the remainder when b(p) is divided by 40?
36
Let a = -85 - -87. Suppose -a*m + 4*n = -2230 + 834, 4*n = -2*m + 1356. What is the remainder when m is divided by 69?
67
Suppose 36*q = 37*q + 3*v - 1178, 4*v + 3521 = 3*q. Calculate the remainder when q is divided by 36.
23
Suppose l + 4*j + 78 = 0, -3*l - 61 - 173 = 4*j. Let x = 151 + l. Calculate the remainder when 291 is di